 6?
1321
What is -11b (base 13) in base 6?
-521
Convert -1001021 (base 3) to base 5.
-11023
-754 (base 9) to base 16
-268
What is -32247 (base 10) in base 15?
-984c
What is 152134 (base 6) in base 11?
10096
What is -1105 (base 7) in base 9?
-481
1109 (base 15) to base 16
e19
What is -7bc5 (base 14) in base 12?
-10569
-39 (base 14) to base 5
-201
26204 (base 9) to base 7
102331
What is 1a4 (base 13) in base 4?
10233
2201 (base 4) to base 14
b7
Convert -123012 (base 4) to base 12.
-1006
-150 (base 10) to base 12
-106
Convert -124344 (base 5) to base 12.
-2a66
Convert -2702 (base 8) to base 14.
-774
1283 (base 14) to base 2
110010110011
Convert -10e (base 15) to base 12.
-17b
Convert 4421430 (base 5) to base 7.
436001
Convert -85d (base 14) to base 9.
-2234
What is -2d8e (base 15) in base 2?
-10011001010001
Convert -2784 (base 11) to base 12.
-2101
-334 (base 14) to base 6
-2534
Convert -220003 (base 4) to base 9.
-3457
Convert 110010111001 (base 2) to base 11.
24a1
What is -234 (base 16) in base 6?
-2340
What is 0 (base 13) in base 2?
0
What is -39d (base 15) in base 12?
-587
39a (base 16) to base 6
4134
What is 21101 (base 3) in base 15?
d4
Convert 455 (base 16) to base 10.
1109
16421 (base 7) to base 12
2852
-574 (base 12) to base 6
-3424
2533 (base 11) to base 10
3303
Convert 63d1 (base 16) to base 10.
25553
Convert 323154 (base 6) to base 10.
26638
Convert 1200220 (base 3) to base 7.
3420
3132032 (base 4) to base 12
8292
6cc (base 14) to base 6
10140
What is -140206 (base 7) in base 5?
-1322030
-30610 (base 10) to base 9
-45881
Convert 6ce5 (base 15) to base 6.
255125
Convert -110e (base 15) to base 9.
-4855
-2313112 (base 4) to base 6
-130154
What is 312e (base 16) in base 4?
3010232
Convert -529 (base 13) to base 15.
-3da
What is -1203001 (base 4) in base 5?
-200322
Convert 1355 (base 9) to base 4.
33332
What is -4422 (base 5) in base 6?
-2500
What is 6a09 (base 13) in base 2?
11101000100001
What is -3310 (base 8) in base 10?
-1736
Convert 8891 (base 13) to base 12.
b032
What is -634 (base 8) in base 6?
-1524
Convert 722b (base 13) to base 8.
36612
Convert 8018 (base 10) to base 16.
1f52
What is 101101000101010 (base 2) in base 10?
23082
What is 37 (base 16) in base 10?
55
3f2 (base 16) to base 15
475
What is 3030200 (base 4) in base 3?
122221202
What is 2695 (base 16) in base 10?
9877
Convert 2835 (base 10) to base 2.
101100010011
What is -40a (base 11) in base 2?
-111101110
Convert -1112201 (base 3) to base 11.
-934
Convert 127 (base 14) to base 15.
106
-a40 (base 11) to base 3
-1201110
What is -311 (base 13) in base 16?
-209
Convert -10201 (base 3) to base 4.
-1210
What is 83d (base 14) in base 7?
4506
51a3 (base 11) to base 13
319c
What is 1861 (base 10) in base 11?
1442
What is 1000224 (base 5) in base 13?
71ab
What is -3332 (base 8) in base 15?
-7be
668 (base 11) to base 8
1440
Convert 16635 (base 8) to base 16.
1d9d
Convert -13212 (base 4) to base 10.
-486
What is -29b (base 14) in base 6?
-2241
What is -103 (base 5) in base 8?
-34
110100 (base 4) to base 11
a79
-1872 (base 14) to base 4
-1010330
What is 7961 (base 10) in base 8?
17431
What is -e13 (base 15) in base 13?
-1599
What is d58d (base 14) in base 7?
212136
-3110131 (base 4) to base 15
-4067
Convert 34413 (base 5) to base 16.
9b3
What is -2133 (base 4) in base 15?
-a9
What is 5490 (base 13) in base 15?
3753
What is -104161 (base 7) in base 8?
-43537
Convert 4501 (base 6) to base 13.
625
Convert -106 (base 14) to base 16.
-ca
What is -45570 (base 10) in base 3?
-2022111210
Convert 4542 (base 8) to base 9.
3258
Convert 142257 (base 8) to base 4.
30102233
Convert -10011100110 (base 2) to base 6.
-5450
Convert -6346 (base 13) to base 15.
-4117
Convert 956 (base 11) to base 4.
101332
-1121351 (base 6) to base 10
-57379
-10210110 (base 3) to base 13
-134a
3333211 (base 4) to base 16
3fe5
Convert 3245 (base 6) to base 9.
1022
What is -194 (base 15) in base 8?
-554
-30020 (base 4) to base 12
-548
What is -430 (base 8) in base 15?
-13a
What is 54526 (base 10) in base 5?
3221101
1100101111110 (base 2) to base 8
14576
Convert -2101100 (base 3) to base 2.
-11011001001
Convert -23111 (base 13) to base 3.
-10020122112
What is 1104 (base 9) in base 11?
680
Convert 589 (base 10) to base 13.
364
What is -6636 (base 13) in base 8?
-33641
Convert -257 (base 12) to base 3.
-111011
10000121021 (base 3) to base 14
17972
Convert 6331 (base 7) to base 14.
b51
5442 (base 11) to base 3
100212010
-11413 (base 5) to base 11
-710
What is 16a7 (base 13) in base 6?
23300
Convert 15610 (base 11) to base 13.
a04b
Convert -1000110000001 (base 2) to base 10.
-4481
What is 37f3 (base 16) in base 6?
150151
Convert 122210 (base 4) to base 7.
4646
Convert -14fa (base 16) to base 11.
-4042
Convert 177 (base 13) to base 7.
531
Convert -7365 (base 13) to base 7.
-64362
Convert -5654 (base 12) to base 16.
-2560
What is -509 (base 16) in base 13?
-782
d479 (base 16) to base 9
82546
-13 (base 6) to base 14
-9
1221111 (base 3) to base 10
1417
What is 265 (base 12) in base 5?
2430
1290 (base 11) to base 3
2021221
33135 (base 7) to base 11
6272
-48b (base 15) to base 10
-1031
What is 1011110010011 (base 2) in base 15?
1bc5
What is 3408 (base 12) in base 7?
22550
Convert d23 (base 16) to base 9.
4546
What is 1c1 (base 15) in base 14?
210
373 (base 12) to base 15
249
2163 (base 8) to base 3
1120012
What is 1212001021 (base 3) in base 16?
8e84
4002 (base 5) to base 13
2c8
11c5 (base 13) to base 10
2527
5828 (base 11) to base 6
55233
Convert 4658 (base 12) to base 14.
2c04
What is 820 (base 12) in base 15?
536
Convert 134131 (base 5) to base 16.
15a5
2575 (base 8) to base 7
4045
-ccec (base 15) to base 16
-a99e
-30 (base 5) to base 7
-21
Convert 155 (base 13) to base 9.
285
What is -144 (base 13) in base 3?
-22100
Convert -17727 (base 10) to base 14.
-6663
-18c (base 13) to base 3
-101120
21723 (base 8) to base 10
9171
111010001101 (base 2) to base 10
3725
Convert 34a5 (base 13) to base 12.
434a
Convert 312 (base 10) to base 2.
100111000
Convert -4920 (base 11) to base 6.
-45443
What is 1522 (base 7) in base 13?
376
Convert -1312 (base 5) to base 6.
-543
What is a3c4 (base 13) in base 15?
6a92
-11110000 (base 2) to base 6
-1040
-2656 (base 7) to base 16
-3fd
Convert -235 (base 8) to base 15.
-a7
What is 5827 (base 9) in base 16?
10de
Convert 2d0c (base 15) to base 8.
22727
4072 (base 12) to base 14
279c
Convert -346 (base 16) to base 2.
-1101000110
What is -2222 (base 5) in base 15?
-15c
What is -1481 (base 9) in base 7?
-3166
What is -100001111000 (base 2) in base 6?
-14012
906 (base 13) to base 7
4311
-79 (base 11) to base 10
-86
What is -5025 (base 6) in base 9?
-1448
What is -50171 (base 8) in base 14?
-7717
What is -5376 (base 9) in base 5?
-111312
-16a0 (base 12) to base 9
-3643
Convert 3bef (base 16) to base 6.
155011
Convert 4410 (base 6) to base 13.
600
104220 (base 6) to base 2
10001000010100
34350 (base 6) to base 14
1ad4
What is -2865 (base 12) in base 6?
-33405
164202 (base 8) to base 5
3401042
135724 (base 8) to base 15
e3a9
Convert 2111000120 (base 3) to base 9.
74016
Convert 10000010101110 (base 2) to base 11.
6316
What is 110111110110100 (base 2) in base 5?
1403341
What is 9560 (base 10) in base 9?
14102
-754b (base 14) to base 12
-b87b
Convert -141 (base 7) to base 8.
-116
Convert -15684 (base 9) to base 3.
-112202211
Convert -401 (base 9) to base 10.
-325
17077 (base 9) to base 10
11734
111010011 (base 2) to base 7
1235
Convert -2011 (base 5) to base 12.
-194
3475 (base 8) to base 11
1435
-474 (base 8) to base 7
-631
Convert -472 (base 8) to base 4.
-10322
What is -45525 (base 10) in base 11?
-31227
-434243 (base 5) to base 10
-14948
26301 (base 7) to base 13
3261
-b04 (base 14) to base 10
-2160
What is 6693 (base 10) in base 2?
1101000100101
What is 1240 (base 9) in base 12?
653
Convert -36524 (base 7) to base 10.
-9524
Convert 672 (base 9) to base 14.
2b5
-22154 (base 6) to base 16
-c16
Convert 64 (base 7) to base 14.
34
Convert 141552 (base 7) to base 2.
110100110011100
Convert -440 (base 15) to base 8.
-1700
-2ad (base 16) to base 10
-685
What is 238 (base 15) in base 8?
767
What is 10996 (base 11) in base 13?
7291
b262 (base 13) to base 12
12289
What is -4334 (base 6) in base 2?
-1111100010
3340 